+ 1 = 5, -i = -2. Suppose 3*j - 2 = 2*r, -5*j = -r + 3*r - 14. Let o(l) = -m - 5*l - l**j + 4*l + 3. Give o(0).
1
Suppose 3*p = -4 + 10. Let j(g) = 0*g**2 + 2*g**3 + 3 - g**3 - 2*g - 3*g**p. Let c(a) = -a**2 + 2*a + 3. Let u be c(2). What is j(u)?
-3
Let w(z) be the third derivative of -z**7/2520 + z**6/180 + z**5/60 + z**4/12 - z**2. Let r(x) be the second derivative of w(x). Determine r(5).
-3
Let w(o) = -o**2 + 6*o - 4. Let a = 3 - 6. Let b(v) = 2*v**2 - 13*v + 9. Let j(z) = a*b(z) - 7*w(z). Give j(3).
1
Let j = -1 - -2. Suppose -j = -h + 4. Let g(m) = -6*m**3 + m**2 - 10*m + 7. Let x(a) = 7*a**3 + 11*a - 7. Let l(b) = 6*g(b) + 5*x(b). Determine l(h).
7
Let g(r) = 6*r**3 - 5*r**2. Let v(n) = -3 + 4*n**2 + 3 - 4*n**3 - n**3. Let x(u) = 3*g(u) + 4*v(u). Let y be 5/3 + 8/(-12). Give x(y).
-1
Let o(f) = 3*f - f - 2 + 3*f + 0*f. Determine o(-4).
-22
Let o(w) = w**3 + 4*w**2 + 2*w + 4. Let k be (3 + 12)/(-3)*(-8)/(-10). What is o(k)?
-4
Suppose t = 2*t - 5. Let p(z) = z**2 - z - 1. Let y(f) = -4*f**2 + 8. Let w = 2 - 1. Let j(v) = t*p(v) + w*y(v). Determine j(3).
-3
Let y(d) = -d**2 + 4*d + 6. Let u be 12 + -5 - (-1 - -2). Calculate y(u).
-6
Let p(v) be the first derivative of 5*v**2 - 4*v - 2*v**2 - 1 + 3*v. Determine p(1).
5
Let b(q) be the first derivative of q**2/2 + 4*q - 12. Let n(g) = g + 4. Let v be n(-4). Calculate b(v).
4
Suppose -o - 1 = c + c, o = c + 8. Let w(z) = -z**2 + z + 4. Give w(c).
-8
Let l(y) = 7*y**2 - 2*y - 1. Let n = -8 + 13. Suppose -2*r - 17 = -3*t, -r + n*t + 16 = 42. Determine l(r).
8
Let k(y) = -2*y - 1. Let q(j) = -j**2 - 7*j - 3. Let z = 13 + -19. Let t be q(z). Suppose -4*l + 10 = -b, 2*l - 5 = 2*b + t. What is k(b)?
3
Suppose -4*b = -5 - 3. Let j be 3/((4/2)/2). Let p(k) = k**j - k**2 + 0*k - 1 + 3*k + 0. Give p(b).
9
Suppose -6 - 4 = -j. Let c be (12/j)/((-2)/(-10)). Let z(g) = -g**2 + 4*g + 5. Calculate z(c).
-7
Let d(c) be the second derivative of 1/12*c**4 + 2*c + c**2 - 1/2*c**3 + 0. Determine d(5).
12
Let a = 26 - 17. Let z(m) = 7*m - a*m + 0*m - 3. Calculate z(4).
-11
Let w(i) be the third derivative of 5*i**4/24 + 12*i**2. Give w(4).
20
Suppose y - 3*y = -5*t + 4, -4*t + 10 = -5*y. Suppose t = 3*p - 3. Suppose -c = -4*l - 6 + p, 0 = -3*c + 2*l + 5. Let a(v) = -2*v**3 - v. Calculate a(c).
-3
Let q(p) = p**2 - 5*p - 14. Let k be q(6). Let j(u) = u**3 + 7*u**2 - 9*u + 3. Determine j(k).
11
Let l(u) be the first derivative of u**5/60 + u**4/4 + 2*u**3 + 2. Let x(z) be the third derivative of l(z). Give x(-5).
-4
Let c(g) = g**3 + g - 10. Let z be (1 + 2 + -2)*0. Give c(z).
-10
Let t(n) = -n**2 + 5*n - 1. Let a(i) = -3*i - 10. Let o be a(-4). Suppose -o*w + 7 = k, 5*w = -4*k + 2*k + 18. Calculate t(w).
3
Let w = 3 + -5. Let b(r) = 2*r**3 + 4*r**2 + r - 2. Calculate b(w).
-4
Let a(g) = 2*g**2 + 0*g + 7*g + g - 5*g + 3. Suppose -1 - 5 = -3*c. Suppose -c*b - 2 = 2. Calculate a(b).
5
Let q(g) be the first derivative of -g**4/4 + g**3 + 5*g**2/2 - g - 3. Let v be q(4). Let j(t) = 3*t - 1. What is j(v)?
8
Let s(p) = -p**2 - 6*p - 6. Suppose 2*a + 2 = 3*w - 2, -2*w + 3*a = -1. Suppose -y = 2*z + y + 2, -8 = -w*y. Determine s(z).
-1
Let g(f) = f. Let v(m) = 3*m + 6. Let y(l) = 2*g(l) - v(l). Let k be ((-54)/(-6))/((-3)/2). Give y(k).
0
Let f(o) be the first derivative of o**5/60 - o**4/24 + 5*o**3/3 + o**2/2 + 1. Let h(j) be the second derivative of f(j). Let z = 484 - 484. Give h(z).
10
Let k(l) = l**3 + l**2 + l + 1. Let h(b) = 4*b**3 + 7*b**2 + 5*b + 2. Let d(s) = h(s) - 3*k(s). Calculate d(-4).
-9
Let n(a) = a**2 + 6*a - 8. Suppose 4*x + 4 = 3*x, -3*b + 5*x - 1 = 0. Give n(b).
-1
Let k(v) = 3*v - 3. Let a(c) = -4*c + 3. Let t(q) = 4*a(q) + 5*k(q). Calculate t(-4).
1
Let j(p) = -2 + 5*p + 4*p + p**2 + 5 - 4*p. Determine j(-3).
-3
Let y(p) = p**3 - 2*p**2 - 2*p + 0 + 10 - 8. Determine y(3).
5
Let g(j) be the first derivative of 2*j**2 + 6*j + 1/3*j**3 + 3. Calculate g(-4).
6
Let z(k) = -k**2 + 0 + 2 + 0. Let a be z(-2). Let d(v) = 6*v. Let c(b) = 7*b. Let x(n) = -5*c(n) + 6*d(n). What is x(a)?
-2
Let q be -1 + 1/((-4)/(-12)). Let p(i) = 68*i**3 - i**2 + 3*i**q - 69*i**3. Give p(2).
0
Let b(d) = d**3 + d**2 - 6. Let k(m) = 3*m**2 + 29*m - 10. Let q be k(-10). Determine b(q).
-6
Suppose -4*q = 2 + 2. Let r(u) = -6*u**2 - u - 1. Determine r(q).
-6
Suppose -2*v - 13 = -1. Let c(o) = -5*o + 6. Let u(z) = 4*z - 5. Let d(l) = v*u(l) - 5*c(l). Give d(5).
5
Let i(d) be the third derivative of -d**5/60 - d**4/8 - 8*d**2. Let h(w) = w + 2. Let f be h(-6). Give i(f).
-4
Let g(b) = -6 + 100*b**2 - 99*b**2 + 0. Calculate g(0).
-6
Suppose -5*j + 14 = -1. Let o(u) = u**3 - 2*u**2 - 4*u + 2. Give o(j).
-1
Let n = 1 - 2. Let f(d) = -14 - 17 + 42 - 12 - d**2. Give f(n).
-2
Let g = -12 - -16. Suppose 0 = 5*p + 3*b + 17, -p + 15 = -0*p - 4*b. Let u be 9/(g + p)*1. Let i(v) = -v**3 + 2*v**2 + 2*v - 4. What is i(u)?
-7
Let s(g) = -g**2 - g. Let f(t) = 4*t**2. Let a(o) = -f(o) - 5*s(o). Let h(d) = -d**3 - 5*d**2 - 4*d - 5. Let u be h(-4). Calculate a(u).
0
Suppose 2 = 36*a + 38. Let t(f) = f**2 + 15*f + 13. Let g(n) = 8*n + 7. Let h(x) = -11*g(x) + 6*t(x). What is h(a)?
5
Let f(o) = -5*o - 5*o**2 - o**3 - 3 - 2 + 0. Give f(-4).
-1
Let u(i) = -4*i**2 + 3*i - 5. Let l be 2*(1 - 6/(-4)). Let n(c) = 5*c**2 + c**2 - l*c**2. Let o(d) = -5*n(d) - u(d). Determine o(-5).
-5
Let b(z) be the third derivative of z**4/24 - z**2. Let x(w) be the first derivative of w**2/2 - 9*w + 1. Let i be x(9). Give b(i).
0
Let r(q) = q**3 - 17*q**2 + 18*q**2 + 2 + 2*q + 4*q**2. What is r(-5)?
-8
Suppose 0 = k - 6. Let x(l) = l**2 - 5*l + 2. Calculate x(k).
8
Let b(w) = w**3 - 3*w**2 - 4*w + 11. Let i be b(3). Let n(r) = -13*r + 1. Calculate n(i).
14
Let y(r) = r**2 - r. Let n be -14 - (15/(-3) + 2). Let p(f) = -f**3 - 10*f**2 + 10*f + 10. Let w be p(n). Let d be 14/w + 1/3. Determine y(d).
0
Let p(w) = w**2 - 8*w + 8. Let v be p(10). Let h be 8/v - 75/(-7). Suppose -u + h = 2*s, 3*s + 2*s + 3*u = 28. Let x(l) = l**3 - 6*l**2 + 5*l - 6. Give x(s).
-6
Let y = -29 - -40. Let q(d) = -d**3 + 10*d**2 + 11*d + 11. Calculate q(y).
11
Let q(i) = -5*i**2 - 18*i - 4. Let n(x) = 4*x**2 + 17*x + 3. Let j(c) = 6*n(c) + 5*q(c). Determine j(11).
9
Let v(d) = 7*d**2 + 3*d**2 + 6*d + 4*d**2 - 7*d. What is v(-1)?
15
Let d(s) = 4*s + 6*s**2 - 8*s**2 + s**2 + 2. Determine d(4).
2
Suppose -4*t + 11 = 3. Let f(k) = 0*k**2 - k**2 - 3*k**3 - k - k**t. Give f(-1).
2
Let b(x) = x - 1. Let i = 53 + -45. Calculate b(i).
7
Let z(t) = 3*t - 6. Let r(u) = u. Let h(x) = 4*r(x) - z(x). Suppose 2*o - 8 = p + 6*o, 4*p = 4*o + 8. Determine h(p).
6
Let j(n) = n**2 - 5*n + 2. Let h be j(4). Let o(x) be the third derivative of -x**5/60 - x**4/8 - x**3/3 - 49*x**2. Calculate o(h).
0
Suppose -3*q = -7 - 2. Suppose 0 = q*h - 2*h + 5*v + 3, -2*h + v + 5 = 0. Let z(p) = -2 + 3 + 0 - h*p. Calculate z(-1).
3
Let j = -2 - -6. Let n(o) be the first derivative of -5*o + 2*o**2 - 1/3*o**3 + 3. Give n(j).
-5
Let b(v) = -v**3 - 2*v**2 + v - 3. Suppose 0*c - c - 5 = 0. Let o = c - -2. Give b(o).
3
Let a(q) = -q**3 + 5*q**2 - 3*q - 5. Let t be (-6)/4*(-12)/18. Let l be (t - (-5)/(-1))/(-2). Let u be 2*(2 + 2 - l). Give a(u).
-1
Let i be (80/32)/((-5)/(-12)). Let d(u) = -u**2 + 8*u - 9. Give d(i).
3
Let f(o) be the first derivative of o**2/2 - 3*o + 1. Suppose -3*i + y = 3*y - 19, -13 = -i - 4*y. Let q = i + -2. Determine f(q).
0
Let p(z) = z**2 + 8*z - 4. Let l = -13 + 6. Determine p(l).
-11
Let w(d) = 2 - 4 + 5*d + 2 - 2. What is w(2)?
8
Let f(j) = -6*j**3 - j**2 - 2*j - 1. Suppose 8 = 5*a + 2*c, 9*c - 4*c + 3 = -a. Suppose -2*i - a = -z, 0 = -4*i + z - 0*z - 4. What is f(i)?
6
Let d(x) be the third derivative of x**5/120 - x**3/2 - x**2. Let m(n) be the first derivative of d(n). Give m(-1).
-1
Let q(u) = -25*u**3 - u**2 - 2*u - 1. Let y = -17 + 16. Determine q(y).
25
Let n(w) be the first derivative of -w**7/840 - w**6/60 - w**5/120 - 5*w**4/24 - 8*w**3/3 - 5. Let i(p) be the third derivative of n(p). Give i(-6).
1
Let n(q) = 80*q - 79*q - 5*q**2 + 9 + 4*q**2. Give n(0).
9
Let k(n) = n**3 - 7*n**2 + 5*n + 6. Let u be k(6). Let c(j) be the second derivative of -j - 3/20*j**5 + u + 1/3*j**3 - 1/2*j**2 - 1/6*j**4. What is c(1)?
-4
Let o = -4 + 6. Let a be (o - 1)*(1 - 2). Let y(v) be the third derivative of v**6/24 